 units digit of 3380122240?
0
What is the hundreds digit of 1756830577?
5
What is the hundred millions digit of 3737845243?
7
What is the hundred thousands digit of 560494607?
4
What is the ten millions digit of 90972746?
9
What is the thousands digit of 676279112?
9
What is the hundred thousands digit of 79888881?
8
What is the ten millions digit of 1850612805?
5
What is the thousands digit of 55094430?
4
What is the units digit of 3435463816?
6
What is the millions digit of 47439069?
7
What is the tens digit of 5812985?
8
What is the units digit of 9157885?
5
What is the ten millions digit of 32713711?
3
What is the tens digit of 16892140?
4
What is the units digit of 41671920?
0
What is the millions digit of 170844975?
0
What is the ten thousands digit of 128282529?
8
What is the hundred thousands digit of 1325362906?
3
What is the tens digit of 432155836?
3
What is the millions digit of 289574405?
9
What is the ten millions digit of 970040970?
7
What is the billions digit of 4706972580?
4
What is the hundred thousands digit of 4458007572?
0
What is the billions digit of 1013852745?
1
What is the hundred thousands digit of 8932503?
9
What is the millions digit of 2478929731?
8
What is the thousands digit of 2963565355?
5
What is the ten millions digit of 52076135?
5
What is the ten thousands digit of 1910069770?
6
What is the hundreds digit of 1237545528?
5
What is the tens digit of 74706512?
1
What is the tens digit of 29767554?
5
What is the hundred thousands digit of 422994316?
9
What is the hundreds digit of 197593523?
5
What is the ten millions digit of 2483480829?
8
What is the hundred millions digit of 154985596?
1
What is the hundred thousands digit of 55136809?
1
What is the millions digit of 4381882055?
1
What is the hundred millions digit of 1295598442?
2
What is the ten thousands digit of 167110107?
1
What is the ten thousands digit of 48315919?
1
What is the thousands digit of 14873576?
3
What is the hundred thousands digit of 142947942?
9
What is the hundred thousands digit of 7095908129?
9
What is the hundred millions digit of 136280251?
1
What is the units digit of 644306840?
0
What is the millions digit of 119608105?
9
What is the hundreds digit of 459364446?
4
What is the ten thousands digit of 2255429249?
2
What is the hundreds digit of 45035893?
8
What is the tens digit of 385804669?
6
What is the ten thousands digit of 216363976?
6
What is the ten millions digit of 17127418?
1
What is the hundred thousands digit of 74535002?
5
What is the hundred thousands digit of 1073494822?
4
What is the ten thousands digit of 1734686858?
8
What is the ten millions digit of 142039218?
4
What is the thousands digit of 835666265?
6
What is the hundreds digit of 3215617078?
0
What is the hundred thousands digit of 240278619?
2
What is the tens digit of 1136797547?
4
What is the hundred millions digit of 203536756?
2
What is the ten thousands digit of 471188?
7
What is the hundreds digit of 9466186?
1
What is the units digit of 47251962?
2
What is the hundreds digit of 1315944455?
4
What is the hundreds digit of 761882424?
4
What is the ten millions digit of 353953018?
5
What is the hundred thousands digit of 310429131?
4
What is the hundred thousands digit of 19435510?
4
What is the billions digit of 3316121870?
3
What is the ten millions digit of 276065875?
7
What is the hundreds digit of 2267747695?
6
What is the tens digit of 62274214?
1
What is the ten millions digit of 494677302?
9
What is the millions digit of 346788004?
6
What is the units digit of 48998282?
2
What is the billions digit of 2627230397?
2
What is the ten millions digit of 278157970?
7
What is the millions digit of 345571945?
5
What is the millions digit of 188181970?
8
What is the hundreds digit of 7147567900?
9
What is the hundreds digit of 5779297?
2
What is the ten millions digit of 35467753?
3
What is the millions digit of 2832145678?
2
What is the thousands digit of 1598571100?
1
What is the hundred thousands digit of 48160031?
1
What is the ten millions digit of 206993277?
0
What is the hundred thousands digit of 706600253?
6
What is the ten millions digit of 100003083?
0
What is the hundreds digit of 263066278?
2
What is the millions digit of 7745781316?
5
What is the millions digit of 21333897?
1
What is the thousands digit of 1461651545?
1
What is the ten thousands digit of 343987461?
8
What is the units digit of 785966889?
9
What is the tens digit of 708663372?
7
What is the hundred thousands digit of 119256513?
2
What is the units digit of 35507233?
3
What is the hundreds digit of 20010081?
0
What is the tens digit of 201596?
9
What is the tens digit of 16177551?
5
What is the thousands digit of 167497344?
7
What is the ten millions digit of 3788230284?
8
What is the hundred thousands digit of 33181946?
1
What is the ten thousands digit of 2039035?
3
What is the millions digit of 299496507?
9
What is the hundred millions digit of 574467427?
5
What is the hundreds digit of 493726593?
5
What is the ten millions digit of 13344735?
1
What is the millions digit of 210005671?
0
What is the tens digit of 1000650414?
1
What is the hundred thousands digit of 4685002044?
0
What is the thousands digit of 48953119?
3
What is the units digit of 2945507069?
9
What is the hundreds digit of 5280682802?
8
What is the millions digit of 1609688?
1
What is the ten thousands digit of 2044257797?
5
What is the units digit of 52828196?
6
What is the thousands digit of 23752836?
2
What is the hundreds digit of 82169693?
6
What is the ten millions digit of 51941824?
5
What is the ten thousands digit of 348224473?
2
What is the ten millions digit of 2450243462?
5
What is the ten millions digit of 116044052?
1
What is the hundreds digit of 25953962?
9
What is the ten millions digit of 1131444736?
3
What is the units digit of 7457625?
5
What is the tens digit of 138776875?
7
What is the hundreds digit of 71438930?
9
What is the ten millions digit of 645044546?
4
What is the units digit of 618677?
7
What is the hundreds digit of 6809764009?
0
What is the tens digit of 170561135?
3
What is the thousands digit of 218226295?
6
What is the hundred thousands digit of 20149063?
1
What is the millions digit of 1825320943?
5
What is the ten thousands digit of 89093549?
9
What is the tens digit of 39628743?
4
What is the millions digit of 87376353?
7
What is the tens digit of 561896651?
5
What is the tens digit of 195296592?
9
What is the tens digit of 71405598?
9
What is the units digit of 76156851?
1
What is the ten millions digit of 785851628?
8
What is the thousands digit of 1984730844?
0
What is the units digit of 138380464?
4
What is the millions digit of 715196098?
5
What is the millions digit of 7185124609?
5
What is the hundred thousands digit of 144060733?
0
What is the thousands digit of 25928865?
8
What is the ten thousands digit of 205643211?
4
What is the tens digit of 277847382?
8
What is the hundred millions digit of 684393136?
6
What is the tens digit of 498782517?
1
What is the hundreds digit of 15839460?
4
What is the thousands digit of 42872266?
2
What is the ten thousands digit of 157639653?
3
What is the tens digit of 868978231?
3
What is the thousands digit of 3294939586?
9
What is the tens digit of 637615295?
9
What is the hundred thousands digit of 88895360?
8
What is the units digit of 36281114?
4
What is the ten millions digit of 73221318?
7
What is the hundred thousands digit of 32603502?
6
What is the units digit of 3903084327?
7
What is the thousands digit of 2148989?
8
What is the hundred millions digit of 1582518360?
5
What is the ten millions digit of 28683163?
2
What is the tens digit of 1805079024?
2
What is the millions digit of 45596164?
5
What is the tens digit of 307995735?
3
What is the hundred millions digit of 103772189?
1
What is the ten millions digit of 1184743741?
8
What is the ten millions digit of 3863191600?
6
What is the ten millions digit of 165707224?
6
What is the hundred thousands digit of 179367146?
3
What is the tens digit of 329940753?
5
What is the tens digit of 445016877?
7
What is the tens digit of 302725587?
8
What is the thousands digit of 1578584508?
4
What is the tens digit of 1218142144?
4
What is the units digit of 339919